{"id":826,"date":"2018-08-29T15:36:18","date_gmt":"2018-08-29T18:36:18","guid":{"rendered":"https:\/\/isfd142-bue.infd.edu.ar\/sitio\/politicas-estudiantiles\/"},"modified":"2021-08-02T20:29:04","modified_gmt":"2021-08-02T23:29:04","slug":"politicas-estudiantiles","status":"publish","type":"page","link":"https:\/\/isfd142-bue.infd.edu.ar\/sitio\/politicas-estudiantiles\/","title":{"rendered":"Pol\u00edticas Estudiantiles"},"content":{"rendered":"<p style=\"text-align: justify;\"><strong>Pol\u00edticas Estudiantiles<\/strong><\/p>\n<p style=\"text-align: justify;\">Se trata de un \u00e1rea gestionada por el INFD.<\/p>\n<p style=\"text-align: justify;\">El INFD, a trav\u00e9s del Plan Nacional de Formaci\u00f3n Docente, define la puesta en marcha de Pol\u00edticas Estudiantiles, cuyas funciones son las de dise\u00f1ar, promover e implementar pol\u00edticas universales centradas en los estudiantes y desarrolladas conjuntamente con ellos.<\/p>\n<p style=\"text-align: justify;\">Los principales desaf\u00edos de las Pol\u00edticas Estudiantiles son:<\/p>\n<ul style=\"text-align: justify;\">\n<li>Profundizar la democratizaci\u00f3n de las din\u00e1micas institucionales;<\/li>\n<li>contribuir a la autonom\u00eda y a la integraci\u00f3n social cr\u00edtica de las\/los estudiantes;<\/li>\n<li>otorgar centralidad a las\/los estudiantes, brindando visibilidad a sus intervenciones.<\/li>\n<\/ul>\n<div style=\"text-align: justify;\">\n<table style=\"width: 105%;\" border=\"0\" cellpadding=\"0\">\n<tbody>\n<tr>\n<td width=\"99%\"><strong>Esta \u00e1rea tiene como meta hacer posible que los estudiantes:<\/strong><\/p>\n<ul>\n<li>accedan al intercambio de experiencias y al debate de ideas;<\/li>\n<li>participen junto a otros siendo protagonistas de su propia formaci\u00f3n;<\/li>\n<li>generen acciones y experiencias colectivas;<\/li>\n<li>reflexionen sobre la condici\u00f3n de estudiante y ciudadano.<\/li>\n<\/ul>\n<\/td>\n<\/tr>\n<\/tbody>\n<\/table>\n<\/div>\n<p style=\"text-align: justify;\">Esta iniciativa surge de la necesidad de favorecer la tarea que se desarrolla en los Institutos Superiores de Formaci\u00f3n Docente, brindando la posibilidad de fortalecer las trayectorias estudiantiles desde los diversos momentos formativos.<\/p>\n<p style=\"text-align: justify;\">En este sentido, ponemos a disposici\u00f3n de ustedes el <a title=\"Documento Marco de Pol\u00edticas Estudiantiles\" href=\"upload\/DocMarcoPoliticasEstudiantiles.pdf\" target=\"_blank\" rel=\"noopener\">Documento Marco de Pol\u00edticas Estudiantiles<\/a>.<\/p>\n<p style=\"text-align: justify;\">En nuestro Instituto, la funci\u00f3n CIPE (Coordinador Institucional de Pol\u00edticas Estudiantiles) se inici\u00f3 a mediados de 2011.<\/p>\n","protected":false},"excerpt":{"rendered":"<p>Pol\u00edticas Estudiantiles Se trata de un \u00e1rea gestionada por el INFD. El INFD, a trav\u00e9s del Plan Nacional de Formaci\u00f3n Docente, define la puesta en marcha de Pol\u00edticas Estudiantiles, cuyas funciones son las de dise\u00f1ar, promover e implementar pol\u00edticas universales centradas en los estudiantes y desarrolladas conjuntamente con ellos. Los principales desaf\u00edos de las Pol\u00edticas &#8230; <a title=\"Pol\u00edticas Estudiantiles\" class=\"read-more\" href=\"https:\/\/isfd142-bue.infd.edu.ar\/sitio\/politicas-estudiantiles\/\" aria-label=\"More on Pol\u00edticas Estudiantiles\">[+]<\/a><\/p>\n","protected":false},"author":7,"featured_media":0,"parent":0,"menu_order":0,"comment_status":"closed","ping_status":"closed","template":"","meta":[],"acf":[],"_links":{"self":[{"href":"https:\/\/isfd142-bue.infd.edu.ar\/sitio\/wp-json\/wp\/v2\/pages\/826"}],"collection":[{"href":"https:\/\/isfd142-bue.infd.edu.ar\/sitio\/wp-json\/wp\/v2\/pages"}],"about":[{"href":"https:\/\/isfd142-bue.infd.edu.ar\/sitio\/wp-json\/wp\/v2\/types\/page"}],"author":[{"embeddable":true,"href":"https:\/\/isfd142-bue.infd.edu.ar\/sitio\/wp-json\/wp\/v2\/users\/7"}],"replies":[{"embeddable":true,"href":"https:\/\/isfd142-bue.infd.edu.ar\/sitio\/wp-json\/wp\/v2\/comments?post=826"}],"version-history":[{"count":1,"href":"https:\/\/isfd142-bue.infd.edu.ar\/sitio\/wp-json\/wp\/v2\/pages\/826\/revisions"}],"predecessor-version":[{"id":2321,"href":"https:\/\/isfd142-bue.infd.edu.ar\/sitio\/wp-json\/wp\/v2\/pages\/826\/revisions\/2321"}],"wp:attachment":[{"href":"https:\/\/isfd142-bue.infd.edu.ar\/sitio\/wp-json\/wp\/v2\/media?parent=826"}],"curies":[{"name":"wp","href":"https:\/\/api.w.org\/{rel}","templated":true}]}}